rime factors of 1170.
2, 3, 5, 13
What are the prime factors of 16934?
2, 8467
What are the prime factors of 75599?
17, 4447
What are the prime factors of 3447?
3, 383
What are the prime factors of 158?
2, 79
What are the prime factors of 35447?
35447
What are the prime factors of 37755?
3, 5, 839
List the prime factors of 81140.
2, 5, 4057
List the prime factors of 1227.
3, 409
What are the prime factors of 16235?
5, 17, 191
List the prime factors of 16273.
16273
What are the prime factors of 1075?
5, 43
What are the prime factors of 10941?
3, 7, 521
List the prime factors of 55571.
61, 911
List the prime factors of 81.
3
What are the prime factors of 384?
2, 3
List the prime factors of 1445.
5, 17
List the prime factors of 1448.
2, 181
List the prime factors of 65521.
65521
List the prime factors of 52943.
11, 4813
List the prime factors of 51790.
2, 5, 5179
What are the prime factors of 686?
2, 7
What are the prime factors of 2387?
7, 11, 31
List the prime factors of 450.
2, 3, 5
List the prime factors of 437.
19, 23
What are the prime factors of 41885?
5, 8377
What are the prime factors of 31378?
2, 29, 541
List the prime factors of 7672.
2, 7, 137
List the prime factors of 6439.
47, 137
What are the prime factors of 100583?
7, 14369
List the prime factors of 113645.
5, 7, 17, 191
What are the prime factors of 507?
3, 13
List the prime factors of 916.
2, 229
What are the prime factors of 16907?
11, 29, 53
List the prime factors of 28318.
2, 14159
List the prime factors of 13454.
2, 7, 31
What are the prime factors of 8029?
7, 31, 37
What are the prime factors of 3203?
3203
What are the prime factors of 20714?
2, 10357
What are the prime factors of 17541?
3, 1949
List the prime factors of 76749.
3, 25583
List the prime factors of 1556.
2, 389
List the prime factors of 89762.
2, 37, 1213
What are the prime factors of 26057?
71, 367
List the prime factors of 897.
3, 13, 23
List the prime factors of 9641.
31, 311
What are the prime factors of 26726?
2, 7, 23, 83
List the prime factors of 12293.
19, 647
What are the prime factors of 289?
17
List the prime factors of 122644.
2, 30661
What are the prime factors of 302?
2, 151
List the prime factors of 10370.
2, 5, 17, 61
What are the prime factors of 173877?
3, 11, 479
List the prime factors of 9875.
5, 79
What are the prime factors of 3198?
2, 3, 13, 41
What are the prime factors of 78?
2, 3, 13
List the prime factors of 1137.
3, 379
List the prime factors of 127787.
11, 11617
List the prime factors of 56782.
2, 11, 29, 89
What are the prime factors of 129427?
29, 4463
What are the prime factors of 2757?
3, 919
What are the prime factors of 12140?
2, 5, 607
What are the prime factors of 7178?
2, 37, 97
List the prime factors of 120891.
3, 59, 683
List the prime factors of 108.
2, 3
What are the prime factors of 726?
2, 3, 11
List the prime factors of 31238.
2, 15619
What are the prime factors of 2020?
2, 5, 101
What are the prime factors of 32099?
32099
List the prime factors of 129693.
3, 17, 2543
List the prime factors of 11.
11
List the prime factors of 2164.
2, 541
List the prime factors of 56826.
2, 3, 7, 11, 41
List the prime factors of 297.
3, 11
What are the prime factors of 1357?
23, 59
List the prime factors of 2118.
2, 3, 353
What are the prime factors of 1068?
2, 3, 89
What are the prime factors of 9132?
2, 3, 761
List the prime factors of 9158.
2, 19, 241
List the prime factors of 6865.
5, 1373
List the prime factors of 85.
5, 17
List the prime factors of 986.
2, 17, 29
List the prime factors of 13251.
3, 7, 631
List the prime factors of 117767.
13, 9059
What are the prime factors of 3109?
3109
List the prime factors of 1431.
3, 53
List the prime factors of 18585.
3, 5, 7, 59
List the prime factors of 153542.
2, 76771
List the prime factors of 40663.
7, 37, 157
What are the prime factors of 8241?
3, 41, 67
What are the prime factors of 7332?
2, 3, 13, 47
List the prime factors of 861.
3, 7, 41
List the prime factors of 12246.
2, 3, 13, 157
What are the prime factors of 2810?
2, 5, 281
What are the prime factors of 51904?
2, 811
What are the prime factors of 21923?
11, 1993
List the prime factors of 54372.
2, 3, 23, 197
What are the prime factors of 2839?
17, 167
List the prime factors of 1121.
19, 59
List the prime factors of 19988.
2, 19, 263
List the prime factors of 1562.
2, 11, 71
List the prime factors of 67766.
2, 31, 1093
What are the prime factors of 5589?
3, 23
What are the prime factors of 4901?
13, 29
What are the prime factors of 7854?
2, 3, 7, 11, 17
List the prime factors of 1548.
2, 3, 43
List the prime factors of 3372.
2, 3, 281
What are the prime factors of 828?
2, 3, 23
List the prime factors of 36778.
2, 7, 37, 71
List the prime factors of 1807.
13, 139
What are the prime factors of 1653?
3, 19, 29
List the prime factors of 12319.
97, 127
What are the prime factors of 119580?
2, 3, 5, 1993
List the prime factors of 4663.
4663
What are the prime factors of 39374?
2, 19687
List the prime factors of 8638.
2, 7, 617
What are the prime factors of 727?
727
What are the prime factors of 3764?
2, 941
What are the prime factors of 14477?
31, 467
List the prime factors of 5342.
2, 2671
What are the prime factors of 127794?
2, 3, 19, 59
List the prime factors of 33836.
2, 11, 769
List the prime factors of 1501.
19, 79
What are the prime factors of 18673?
71, 263
List the prime factors of 1589.
7, 227
What are the prime factors of 10004?
2, 41, 61
List the prime factors of 988.
2, 13, 19
List the prime factors of 4378.
2, 11, 199
List the prime factors of 16582.
2, 8291
What are the prime factors of 80743?
13, 6211
What are the prime factors of 54354?
2, 3, 9059
List the prime factors of 4437.
3, 17, 29
What are the prime factors of 183?
3, 61
List the prime factors of 12947.
11, 107
What are the prime factors of 3343?
3343
What are the prime factors of 1005?
3, 5, 67
What are the prime factors of 120795?
3, 5, 8053
What are the prime factors of 2618?
2, 7, 11, 17
What are the prime factors of 18720?
2, 3, 5, 13
What are the prime factors of 833?
7, 17
What are the prime factors of 121299?
3, 40433
List the prime factors of 5593.
7, 17, 47
List the prime factors of 1005.
3, 5, 67
What are the prime factors of 120072?
2, 3, 5003
What are the prime factors of 5445?
3, 5, 11
List the prime factors of 9705.
3, 5, 647
What are the prime factors of 10387?
13, 17, 47
List the prime factors of 1045.
5, 11, 19
What are the prime factors of 115826?
2, 29, 1997
List the prime factors of 32585.
5, 7, 19
List the prime factors of 38544.
2, 3, 11, 73
List the prime factors of 1436.
2, 359
What are the prime factors of 523?
523
List the prime factors of 475.
5, 19
What are the prime factors of 123835?
5, 24767
List the prime factors of 20100.
2, 3, 5, 67
What are the prime factors of 1696?
2, 53
List the prime factors of 47198.
2, 23599
What are the prime factors of 176145?
3, 5, 11743
What are the prime factors of 25068?
2, 3, 2089
List the prime factors of 69362.
2, 79, 439
What are the prime factors of 12045?
3, 5, 11, 73
What are the prime factors of 3027?
3, 1009
What are the prime factors of 1756?
2, 439
What are the prime factors of 645?
3, 5, 43
What are the prime factors of 1192?
2, 149
What are the prime factors of 36790?
2, 5, 13, 283
What are the prime factors of 121079?
7, 353
List the prime factors of 47046.
2, 3, 7841
What are the prime factors of 4454?
2, 17, 131
List the prime factors of 667.
23, 29
What are the prime factors of 32379?
3, 43, 251
What are the prime factors of 371?
7, 53
What are the prime factors of 1085?
5, 7, 31
List the prime factors of 1231.
1231
List the prime factors of 986.
2, 17, 29
List the prime factors of 35.
5, 7
What are the prime factors of 1007?
19, 53
What are the prime factors of 586?
2, 293
What are the prime factors of 12170?
2, 5, 1217
What are the prime factors of 32559?
3, 10853
List the prime factors of 489.
3, 163
List the prime factors of 4318.
2, 17, 127
What are the prime factors of 71371?
149, 479
List the prime factors of 1784.
2, 223
What are the prime factors of 2879?
2879
What are the prime factors of 110623?
110623
What are the prime factors of 4707?
3, 523
List the prime factors of 1739.
37, 47
List the prime factors o